{"id":75701,"date":"2017-01-12T19:34:45","date_gmt":"2017-01-12T19:34:45","guid":{"rendered":"http:\/\/www.extingman.com\/web\/?page_id=75701"},"modified":"2017-01-20T20:47:39","modified_gmt":"2017-01-20T20:47:39","slug":"cadena-plastica-eslabonada","status":"publish","type":"page","link":"https:\/\/www.extingman.com\/web\/productos\/cadena-plastica-eslabonada\/","title":{"rendered":"Cadena Pl\u00e1stica Eslabonada"},"content":{"rendered":"<section class=\"wpb-content-wrapper\"><p>[vc_row parallax=&#8221;content-moving&#8221; css=&#8221;.vc_custom_1484945210214{background-position: 0 0;background-repeat: no-repeat !important;}&#8221;][vc_column width=&#8221;1\/4&#8243; css=&#8221;.vc_custom_1484943894866{background-position: 0 0 !important;background-repeat: no-repeat !important;}&#8221;][\/vc_column][vc_column width=&#8221;1\/2&#8243; css=&#8221;.vc_custom_1484945260162{background-image: url(https:\/\/www.extingman.com\/web\/wp-content\/uploads\/2017\/01\/fondo-cadena-plastica.png?id=75714) !important;}&#8221;][vc_column_text el_class=&#8221;blackandwhite&#8221;]<\/p>\n<div>\n<h2 style=\"text-align: center;\"><strong><span style=\"color: #ffffff;\">CAD<\/span><span style=\"color: #ffff00;\">ENA<\/span> <span style=\"color: #ff0000;\">PL\u00c1ST<\/span><span style=\"color: #ffffff;\">ICA<\/span> <span style=\"color: #ffffff;\">DE<\/span> <span style=\"color: #ffff00;\">SE\u00d1A<\/span><span style=\"color: #ff0000;\">LIZA<\/span><span style=\"color: #ffffff;\">CI\u00d3N<\/span><br \/>\n<\/strong><\/h2>\n<\/div>\n<p>[\/vc_column_text][\/vc_column][vc_column width=&#8221;1\/4&#8243;][\/vc_column][\/vc_row][vc_row][vc_column][vc_column_text]Cadena eslabonada para se\u00f1alizaci\u00f3n, demarcaci\u00f3n de \u00e1reas, pl\u00e1stico inyectado, eslabones de 8 mil\u00edmetros de calibre, y di\u00e1metro de\u00a0 6cm X 2.5cm, combinaciones de colores de acuerdo a su necesidad, en amarillo, blanco, y negro,\u00a0 cadena con m\u00faltiples usos entre ellos demarcaci\u00f3n de per\u00edmetros de larga y corta longitud, se\u00f1alizaci\u00f3n de \u00e1reas de peligro, transito restringido, zonas de construcci\u00f3n, restricciones viales, zonas de parqueo etc.[\/vc_column_text][\/vc_column][\/vc_row][vc_row][vc_column width=&#8221;1\/3&#8243;][vc_single_image image=&#8221;75706&#8243; img_size=&#8221;medium&#8221; alignment=&#8221;center&#8221; onclick=&#8221;link_image&#8221;][\/vc_column][vc_column width=&#8221;1\/3&#8243;][vc_single_image image=&#8221;75705&#8243; img_size=&#8221;medium&#8221; alignment=&#8221;center&#8221; onclick=&#8221;link_image&#8221;][\/vc_column][vc_column width=&#8221;1\/3&#8243;][vc_single_image image=&#8221;75704&#8243; img_size=&#8221;medium&#8221; alignment=&#8221;center&#8221; onclick=&#8221;link_image&#8221;][\/vc_column][\/vc_row][vc_row full_width=&#8221;stretch_row&#8221; css=&#8221;.vc_custom_1435652900959{margin-bottom: 0px !important;border-top-width: 1px !important;padding-top: 50px !important;padding-bottom: 50px !important;background-color: #eeeeee !important;border-top-color: #dddddd !important;border-top-style: solid !important;}&#8221; el_class=&#8221;align-right&#8221;][vc_column width=&#8221;2\/3&#8243;][vc_custom_heading text=&#8221;No esta seguro sobre la mejor soluci\u00f3n a sus necesidades?&#8221; font_container=&#8221;tag:h3|font_size:18|text_align:left|color:%23111111&#8243; use_theme_fonts=&#8221;yes&#8221; css=&#8221;.vc_custom_1450550999499{margin-top: 10px !important;}&#8221;][\/vc_column][vc_column width=&#8221;1\/3&#8243;][thememove_button text=&#8221;Cont\u00e1ctanos&#8221; url=&#8221;https:\/\/www.extingman.com\/web\/contacto\/&#8221;][\/vc_column][\/vc_row][vc_row][vc_column][\/vc_column][\/vc_row]<\/p>\n<\/section>","protected":false},"excerpt":{"rendered":"<p>[vc_row parallax=&#8221;content-moving&#8221; css=&#8221;.vc_custom_1484945210214{background-position: 0 0;background-repeat: no-repeat !important;}&#8221;][vc_column width=&#8221;1\/4&#8243; css=&#8221;.vc_custom_1484943894866{background-position: 0 0 !important;background-repeat: no-repeat !important;}&#8221;][\/vc_column][vc_column width=&#8221;1\/2&#8243; css=&#8221;.vc_custom_1484945260162{background-image: url(https:\/\/www.extingman.com\/web\/wp-content\/uploads\/2017\/01\/fondo-cadena-plastica.png?id=75714) !important;}&#8221;][vc_column_text el_class=&#8221;blackandwhite&#8221;] CADENA [&hellip;]<\/p>\n","protected":false},"author":1,"featured_media":0,"parent":74814,"menu_order":0,"comment_status":"closed","ping_status":"closed","template":"","meta":{"footnotes":""},"_links":{"self":[{"href":"https:\/\/www.extingman.com\/web\/wp-json\/wp\/v2\/pages\/75701"}],"collection":[{"href":"https:\/\/www.extingman.com\/web\/wp-json\/wp\/v2\/pages"}],"about":[{"href":"https:\/\/www.extingman.com\/web\/wp-json\/wp\/v2\/types\/page"}],"author":[{"embeddable":true,"href":"https:\/\/www.extingman.com\/web\/wp-json\/wp\/v2\/users\/1"}],"replies":[{"embeddable":true,"href":"https:\/\/www.extingman.com\/web\/wp-json\/wp\/v2\/comments?post=75701"}],"version-history":[{"count":24,"href":"https:\/\/www.extingman.com\/web\/wp-json\/wp\/v2\/pages\/75701\/revisions"}],"predecessor-version":[{"id":75731,"href":"https:\/\/www.extingman.com\/web\/wp-json\/wp\/v2\/pages\/75701\/revisions\/75731"}],"up":[{"embeddable":true,"href":"https:\/\/www.extingman.com\/web\/wp-json\/wp\/v2\/pages\/74814"}],"wp:attachment":[{"href":"https:\/\/www.extingman.com\/web\/wp-json\/wp\/v2\/media?parent=75701"}],"curies":[{"name":"wp","href":"https:\/\/api.w.org\/{rel}","templated":true}]}}