{"id":74948,"date":"2016-01-09T22:40:25","date_gmt":"2016-01-09T22:40:25","guid":{"rendered":"http:\/\/www.extingman.com\/web\/?page_id=74948"},"modified":"2023-08-03T15:44:12","modified_gmt":"2023-08-03T20:44:12","slug":"proteccion-corporal","status":"publish","type":"page","link":"https:\/\/www.extingman.com\/web\/productos\/elementos-de-proteccion-personal\/proteccion-corporal\/","title":{"rendered":"Protecci\u00f3n Corporal"},"content":{"rendered":"<section class=\"wpb-content-wrapper\"><p>[vc_row][vc_column][vc_row_inner][vc_column_inner width=&#8221;1\/2&#8243;][vc_single_image image=&#8221;75060&#8243; img_size=&#8221;&#8221; alignment=&#8221;center&#8221; style=&#8221;vc_box_rounded&#8221; onclick=&#8221;custom_link&#8221; link=&#8221;https:\/\/www.extingman.com\/web\/productos\/elementos-de-proteccion\/proteccion-corporal\/chalecoreflectivo\/&#8221;][vc_column_text]<strong><a href=\"https:\/\/www.extingman.com\/web\/productos\/elementos-de-proteccion\/proteccion-corporal\/chalecoreflectivo\/\">CHALECO REFLECTIVO<\/a><\/strong>: Bueno para trabajadores de construcci\u00f3n, trabajadores de calle, las entidades de servicio p\u00fablico, polic\u00eda, etc.[\/vc_column_text][\/vc_column_inner][vc_column_inner width=&#8221;1\/2&#8243;][vc_single_image image=&#8221;75062&#8243; img_size=&#8221;&#8221; alignment=&#8221;center&#8221; style=&#8221;vc_box_rounded&#8221; onclick=&#8221;custom_link&#8221; link=&#8221;https:\/\/www.extingman.com\/web\/productos\/elementos-de-proteccion\/proteccion-corporal\/delantal-en-pvc\/&#8221;][vc_column_text]<a href=\"https:\/\/www.extingman.com\/web\/productos\/elementos-de-proteccion\/proteccion-corporal\/delantal-en-pvc\/\"><strong>DELANTAL EN PVC<\/strong><\/a>: Ideal para el procesamiento de alimentos.[\/vc_column_text][\/vc_column_inner][\/vc_row_inner][vc_row_inner][vc_column_inner width=&#8221;1\/2&#8243;][vc_single_image image=&#8221;75063&#8243; img_size=&#8221;&#8221; alignment=&#8221;center&#8221; style=&#8221;vc_box_rounded&#8221; onclick=&#8221;custom_link&#8221; link=&#8221;https:\/\/www.extingman.com\/web\/productos\/elementos-de-proteccion\/proteccion-corporal\/delantal-en-carnaza\/&#8221;][vc_column_text]<strong><a href=\"https:\/\/www.extingman.com\/web\/productos\/elementos-de-proteccion\/proteccion-corporal\/delantal-en-carnaza\/\">DELANTAL EN CARNAZA<\/a><\/strong>: Para uso industrial de soldadura, pulimiento.[\/vc_column_text][\/vc_column_inner][vc_column_inner width=&#8221;1\/2&#8243;][vc_single_image image=&#8221;75064&#8243; img_size=&#8221;&#8221; alignment=&#8221;center&#8221; style=&#8221;vc_box_rounded&#8221; onclick=&#8221;custom_link&#8221; link=&#8221;https:\/\/www.extingman.com\/web\/productos\/elementos-de-proteccion\/proteccion-corporal\/soporte-para-espalda\/&#8221;][vc_column_text]<strong><a href=\"https:\/\/www.extingman.com\/web\/productos\/elementos-de-proteccion\/proteccion-corporal\/soporte-para-espalda\/\">SOPORTE PARA ESPALDA<\/a><\/strong>: Reduce el esfuerzo debido a repetitivos giros de la espalda.[\/vc_column_text][\/vc_column_inner][\/vc_row_inner][vc_row_inner][vc_column_inner width=&#8221;1\/2&#8243;][vc_single_image image=&#8221;75065&#8243; img_size=&#8221;&#8221; alignment=&#8221;center&#8221; style=&#8221;vc_box_rounded&#8221; onclick=&#8221;custom_link&#8221; link=&#8221;https:\/\/www.extingman.com\/web\/productos\/elementos-de-proteccion\/proteccion-corporal\/mangas-en-carnaza\/&#8221;][vc_column_text]<strong><a href=\"https:\/\/www.extingman.com\/web\/productos\/elementos-de-proteccion\/proteccion-corporal\/mangas-en-carnaza\/\">MANGAS EN CARNAZA<\/a><\/strong>: Para uso industrial de soldadura, pulimiento.[\/vc_column_text][\/vc_column_inner][vc_column_inner width=&#8221;1\/2&#8243;][vc_single_image image=&#8221;75066&#8243; img_size=&#8221;&#8221; alignment=&#8221;center&#8221; style=&#8221;vc_box_rounded&#8221; onclick=&#8221;custom_link&#8221; link=&#8221;https:\/\/www.extingman.com\/web\/productos\/elementos-de-proteccion\/proteccion-corporal\/botas-en-pvc-cana-alta\/&#8221;][vc_column_text]<strong><a href=\"https:\/\/www.extingman.com\/web\/productos\/elementos-de-proteccion\/proteccion-corporal\/botas-en-pvc-cana-alta\/\">BOTAS EN PVC CA\u00d1A ALTA<\/a><\/strong>: Ideal en la industria, agricultura, miner\u00eda y construcci\u00f3n.[\/vc_column_text][\/vc_column_inner][\/vc_row_inner][vc_row_inner][vc_column_inner width=&#8221;1\/2&#8243;][vc_single_image image=&#8221;75237&#8243; img_size=&#8221;&#8221; alignment=&#8221;center&#8221; style=&#8221;vc_box_rounded&#8221; onclick=&#8221;custom_link&#8221; link=&#8221;https:\/\/www.extingman.com\/web\/productos\/elementos-de-proteccion\/proteccion-corporal\/botaelite-pu-seguridad\/&#8221;][vc_column_text]<strong><a href=\"https:\/\/www.extingman.com\/web\/productos\/elementos-de-proteccion\/proteccion-corporal\/botaelite-pu-seguridad\/\">BOTA \u00c9LITE PU SEGURIDAD<\/a><\/strong>: Bota tipo ingeniero, antideslizante, resistente a hidrocarburos.[\/vc_column_text][\/vc_column_inner][vc_column_inner width=&#8221;1\/2&#8243;][vc_single_image image=&#8221;75240&#8243; img_size=&#8221;&#8221; alignment=&#8221;center&#8221; style=&#8221;vc_box_rounded&#8221; onclick=&#8221;custom_link&#8221; link=&#8221;https:\/\/www.extingman.com\/web\/productos\/elementos-de-proteccion\/proteccion-corporal\/botarevolution\/&#8221;][vc_column_text]<strong><a href=\"https:\/\/www.extingman.com\/web\/productos\/elementos-de-proteccion\/proteccion-corporal\/botarevolution\/\">BOTA REVOLUTION<\/a><\/strong>: Bota tipo ingeniero, ideal para trabajos donde se requiera un calzado de seguridad deportivo, liviano y c\u00f3modo.[\/vc_column_text][\/vc_column_inner][\/vc_row_inner][vc_row_inner][vc_column_inner width=&#8221;1\/2&#8243;][vc_single_image image=&#8221;75240&#8243; img_size=&#8221;&#8221; alignment=&#8221;center&#8221; style=&#8221;vc_box_rounded&#8221; onclick=&#8221;custom_link&#8221; link=&#8221;https:\/\/www.extingman.com\/web\/productos\/elementos-de-proteccion\/proteccion-corporal\/bota-revolution-dama\/&#8221;][vc_column_text]<strong><a href=\"https:\/\/www.extingman.com\/web\/productos\/elementos-de-proteccion\/proteccion-corporal\/bota-revolution-dama\/\">BOTA REVOLUTION DAMA<\/a><\/strong>: Bota deportiva de seguridad, resistente al agua, adecuada protecci\u00f3n contra impactos.[\/vc_column_text][\/vc_column_inner][vc_column_inner width=&#8221;1\/2&#8243;][\/vc_column_inner][\/vc_row_inner][\/vc_column][\/vc_row][vc_row full_width=&#8221;stretch_row&#8221; css=&#8221;.vc_custom_1435652863768{margin-bottom: 0px !important;border-top-width: 1px !important;padding-top: 50px !important;padding-bottom: 50px !important;background-color: #eeeeee !important;border-top-color: #dddddd !important;border-top-style: solid !important;}&#8221; el_class=&#8221;align-right&#8221;][vc_column width=&#8221;2\/3&#8243;][vc_custom_heading text=&#8221;No esta seguro sobre la mejor soluci\u00f3n a sus necesidades?&#8221; font_container=&#8221;tag:h3|font_size:18|text_align:left|color:%23111111&#8243; use_theme_fonts=&#8221;yes&#8221; css=&#8221;.vc_custom_1451940585191{margin-top: 10px !important;}&#8221;][\/vc_column][vc_column width=&#8221;1\/3&#8243;][thememove_button text=&#8221;Cont\u00e1ctanos&#8221; url=&#8221;https:\/\/www.extingman.com\/web\/contacto\/&#8221;][\/vc_column][\/vc_row]<\/p>\n<\/section>","protected":false},"excerpt":{"rendered":"<p>[vc_row][vc_column][vc_row_inner][vc_column_inner width=&#8221;1\/2&#8243;][vc_single_image image=&#8221;75060&#8243; img_size=&#8221;&#8221; alignment=&#8221;center&#8221; style=&#8221;vc_box_rounded&#8221; onclick=&#8221;custom_link&#8221; link=&#8221;https:\/\/www.extingman.com\/web\/productos\/elementos-de-proteccion\/proteccion-corporal\/chalecoreflectivo\/&#8221;][vc_column_text]CHALECO REFLECTIVO: Bueno para trabajadores de construcci\u00f3n, trabajadores de calle, las entidades de [&hellip;]<\/p>\n","protected":false},"author":1,"featured_media":75344,"parent":74288,"menu_order":0,"comment_status":"closed","ping_status":"closed","template":"","meta":{"footnotes":""},"_links":{"self":[{"href":"https:\/\/www.extingman.com\/web\/wp-json\/wp\/v2\/pages\/74948"}],"collection":[{"href":"https:\/\/www.extingman.com\/web\/wp-json\/wp\/v2\/pages"}],"about":[{"href":"https:\/\/www.extingman.com\/web\/wp-json\/wp\/v2\/types\/page"}],"author":[{"embeddable":true,"href":"https:\/\/www.extingman.com\/web\/wp-json\/wp\/v2\/users\/1"}],"replies":[{"embeddable":true,"href":"https:\/\/www.extingman.com\/web\/wp-json\/wp\/v2\/comments?post=74948"}],"version-history":[{"count":11,"href":"https:\/\/www.extingman.com\/web\/wp-json\/wp\/v2\/pages\/74948\/revisions"}],"predecessor-version":[{"id":75816,"href":"https:\/\/www.extingman.com\/web\/wp-json\/wp\/v2\/pages\/74948\/revisions\/75816"}],"up":[{"embeddable":true,"href":"https:\/\/www.extingman.com\/web\/wp-json\/wp\/v2\/pages\/74288"}],"wp:featuredmedia":[{"embeddable":true,"href":"https:\/\/www.extingman.com\/web\/wp-json\/wp\/v2\/media\/75344"}],"wp:attachment":[{"href":"https:\/\/www.extingman.com\/web\/wp-json\/wp\/v2\/media?parent=74948"}],"curies":[{"name":"wp","href":"https:\/\/api.w.org\/{rel}","templated":true}]}}