{"id":74243,"date":"2015-07-02T10:27:47","date_gmt":"2015-07-02T10:27:47","guid":{"rendered":"http:\/\/transport.thememove.com\/demo\/?page_id=74243"},"modified":"2023-08-03T15:30:09","modified_gmt":"2023-08-03T20:30:09","slug":"extintores","status":"publish","type":"page","link":"https:\/\/www.extingman.com\/web\/productos\/extintores\/","title":{"rendered":"Extintores"},"content":{"rendered":"<section class=\"wpb-content-wrapper\"><p>[vc_row][vc_column][vc_column_text]Un extintor en manos de un adulto entrenado puede ser una herramienta \u00fatil para salvar la vida y la propiedad. Sin embargo, una gran mayor\u00eda de adultos no han recibido entrenamiento para el uso de extintores y pueden no saber c\u00f3mo y cu\u00e1ndo deben usarlos.[\/vc_column_text][vc_row_inner][vc_column_inner width=&#8221;1\/2&#8243;][vc_single_image image=&#8221;75086&#8243; img_size=&#8221;&#8221; alignment=&#8221;center&#8221; style=&#8221;vc_box_rounded&#8221; onclick=&#8221;zoom&#8221;][vc_column_text]<strong>EXTINTOR BC<\/strong>: Capacidad 5 libras uso recomendado veh\u00edculos hasta de 5 pasajeros.[\/vc_column_text][\/vc_column_inner][vc_column_inner width=&#8221;1\/2&#8243;][vc_single_image image=&#8221;74926&#8243; img_size=&#8221;&#8221; alignment=&#8221;center&#8221; style=&#8221;vc_box_rounded&#8221; onclick=&#8221;zoom&#8221;][vc_column_text]<strong>EXTINTOR MULTIPROP\u00d3SITO<\/strong>: Capacidad 5 libras uso recomendado veh\u00edculos hasta de 5 pasajeros.[\/vc_column_text][\/vc_column_inner][\/vc_row_inner][vc_row_inner][vc_column_inner width=&#8221;1\/2&#8243;][vc_single_image image=&#8221;74933&#8243; img_size=&#8221;&#8221; alignment=&#8221;center&#8221; style=&#8221;vc_box_rounded&#8221; onclick=&#8221;zoom&#8221;][vc_column_text]<strong>EXTINTOR BC<\/strong>: Capacidad 10 libras uso recomendado empresa, industria y oficina donde exista riesgo de fuego producido por l\u00edquidos inflamables.[\/vc_column_text][\/vc_column_inner][vc_column_inner width=&#8221;1\/2&#8243;][vc_single_image image=&#8221;74934&#8243; img_size=&#8221;&#8221; alignment=&#8221;center&#8221; style=&#8221;vc_box_rounded&#8221; onclick=&#8221;zoom&#8221;][vc_column_text]<strong>EXTINTOR ABC<\/strong>: Capacidad 10 libras recomendado para todo tipo de fuego, producido por materiales inflamables s\u00f3lidos o l\u00edquidos, o tambi\u00e9n por riesgos el\u00e9ctricos.[\/vc_column_text][\/vc_column_inner][\/vc_row_inner][vc_row_inner][vc_column_inner width=&#8221;1\/2&#8243;][vc_single_image image=&#8221;74935&#8243; img_size=&#8221;&#8221; alignment=&#8221;center&#8221; style=&#8221;vc_box_rounded&#8221; onclick=&#8221;zoom&#8221;][vc_column_text]<strong>EXTINTOR ABC<\/strong>: Capacidad 20 libras recomendado para todo tipo de fuego, producido por materiales inflamables s\u00f3lidos o l\u00edquidos, o tambi\u00e9n por riesgos el\u00e9ctricos.[\/vc_column_text][\/vc_column_inner][vc_column_inner width=&#8221;1\/2&#8243;][vc_single_image image=&#8221;74936&#8243; img_size=&#8221;&#8221; alignment=&#8221;center&#8221; style=&#8221;vc_box_rounded&#8221; onclick=&#8221;zoom&#8221;][vc_column_text]<strong>EXTINTOR SOLKAFLAN 123<\/strong>: Capacidad 3700 gramos, recomendado exclusivamente para combatir conatos en equipos electr\u00f3nicos, como computadores plantas telef\u00f3nicas, monitores etc.[\/vc_column_text][\/vc_column_inner][\/vc_row_inner][vc_row_inner][vc_column_inner width=&#8221;1\/2&#8243;][vc_single_image image=&#8221;74941&#8243; img_size=&#8221;&#8221; alignment=&#8221;center&#8221; style=&#8221;vc_box_rounded&#8221; onclick=&#8221;zoom&#8221;][vc_column_text]<strong>EXTINTOR TIPO K<\/strong>: Capacidad 1.5 galones, 2.5 galones, recomendado espec\u00edficamente para cocinas industriales y restaurantes, es un excelente extintor dise\u00f1ado para prevenir el salpicado de grasa calientes y la reignicci\u00f3n de fuego en fritadoras y aparatos de cocina, sugerido tambi\u00e9n para asadores de carbones secos.[\/vc_column_text][\/vc_column_inner][vc_column_inner width=&#8221;1\/2&#8243;][vc_single_image image=&#8221;74938&#8243; img_size=&#8221;&#8221; alignment=&#8221;center&#8221; style=&#8221;vc_box_rounded&#8221; onclick=&#8221;custom_link&#8221;][vc_column_text]<strong>EXTINTOR DE AGUA A PRESI\u00d3N<\/strong>: Capacidad 2.5 galones, recomendado para combatir el fuego iniciado en materiales s\u00f3lidos derivados de fibras naturales como los son el papel, la madera, los textiles etc.[\/vc_column_text][\/vc_column_inner][\/vc_row_inner][vc_row_inner][vc_column_inner width=&#8221;1\/2&#8243;][vc_single_image image=&#8221;74939&#8243; img_size=&#8221;&#8221; alignment=&#8221;center&#8221; style=&#8221;vc_box_rounded&#8221; onclick=&#8221;zoom&#8221;][vc_column_text]<strong>SOPORTE PARA EXTINTOR<\/strong>: Recomendado para instalar en veh\u00edculos como camionetas, buses y camiones, fabricado en diversos tama\u00f1os para que sea \u00fatil en cualquier tipo de extintores.[\/vc_column_text][\/vc_column_inner][vc_column_inner width=&#8221;1\/2&#8243;][vc_single_image image=&#8221;75585&#8243; img_size=&#8221;378&#215;300&#8243; alignment=&#8221;center&#8221; onclick=&#8221;zoom&#8221;][vc_column_text]<strong>EXTINTOR RODANTE<\/strong>: Fueron fabricados para fuegos de altos riesgo, su dise\u00f1o por ser de ruedas, nos sirve para trasladarlo de un lugar a otro y asi dar respuesta inmediata y ser m\u00e1s eficaces en el momento de combatir el fuego. Su tiempo de descarga es mas prolongado que un extintor portatil y su alcance es m\u00e1s amplio; estos extintores se Recomiendan en Estaciones de Servicios, Grandes Empresas, amplias Bodegas, Aeropuertos, terminales de carga y transporte donde se puede desencadenar un incendio de grandes magnitudes.[\/vc_column_text][\/vc_column_inner][\/vc_row_inner][vc_row_inner][vc_column_inner width=&#8221;1\/2&#8243;][vc_single_image image=&#8221;75614&#8243; img_size=&#8221;&#8221; alignment=&#8221;center&#8221; style=&#8221;vc_box_rounded&#8221; onclick=&#8221;zoom&#8221;][vc_column_text]<strong>Extintores CO2:<\/strong> Son usados normalmente para fuegos producto de corriente el\u00e9ctrica y para los tipos de fuego de clase B , es un extintor que no presenta reacciones qu\u00edmicas con otras sustancias, lo que lo hace apto para atacar distintos tipos de incendios. Viene en presentaciones de 5, 10, 15 y 20Lb[\/vc_column_text][\/vc_column_inner][vc_column_inner width=&#8221;1\/2&#8243;][\/vc_column_inner][\/vc_row_inner][\/vc_column][\/vc_row][vc_row full_width=&#8221;stretch_row&#8221; css=&#8221;.vc_custom_1435652863768{margin-bottom: 0px !important;border-top-width: 1px !important;padding-top: 50px !important;padding-bottom: 50px !important;background-color: #eeeeee !important;border-top-color: #dddddd !important;border-top-style: solid !important;}&#8221; el_class=&#8221;align-right&#8221;][vc_column width=&#8221;2\/3&#8243;][vc_custom_heading text=&#8221;No esta seguro sobre la mejor soluci\u00f3n a sus necesidades?&#8221; font_container=&#8221;tag:h3|font_size:18|text_align:left|color:%23111111&#8243; use_theme_fonts=&#8221;yes&#8221; css=&#8221;.vc_custom_1451940585191{margin-top: 10px !important;}&#8221;][\/vc_column][vc_column width=&#8221;1\/3&#8243;][thememove_button text=&#8221;Cont\u00e1ctanos&#8221; url=&#8221;#&#8221;][\/vc_column][\/vc_row]<\/p>\n<\/section>","protected":false},"excerpt":{"rendered":"<p>[vc_row][vc_column][vc_column_text]Un extintor en manos de un adulto entrenado puede ser una herramienta \u00fatil para salvar la vida y la propiedad. [&hellip;]<\/p>\n","protected":false},"author":1,"featured_media":74829,"parent":74814,"menu_order":0,"comment_status":"closed","ping_status":"closed","template":"","meta":{"footnotes":""},"_links":{"self":[{"href":"https:\/\/www.extingman.com\/web\/wp-json\/wp\/v2\/pages\/74243"}],"collection":[{"href":"https:\/\/www.extingman.com\/web\/wp-json\/wp\/v2\/pages"}],"about":[{"href":"https:\/\/www.extingman.com\/web\/wp-json\/wp\/v2\/types\/page"}],"author":[{"embeddable":true,"href":"https:\/\/www.extingman.com\/web\/wp-json\/wp\/v2\/users\/1"}],"replies":[{"embeddable":true,"href":"https:\/\/www.extingman.com\/web\/wp-json\/wp\/v2\/comments?post=74243"}],"version-history":[{"count":35,"href":"https:\/\/www.extingman.com\/web\/wp-json\/wp\/v2\/pages\/74243\/revisions"}],"predecessor-version":[{"id":75809,"href":"https:\/\/www.extingman.com\/web\/wp-json\/wp\/v2\/pages\/74243\/revisions\/75809"}],"up":[{"embeddable":true,"href":"https:\/\/www.extingman.com\/web\/wp-json\/wp\/v2\/pages\/74814"}],"wp:featuredmedia":[{"embeddable":true,"href":"https:\/\/www.extingman.com\/web\/wp-json\/wp\/v2\/media\/74829"}],"wp:attachment":[{"href":"https:\/\/www.extingman.com\/web\/wp-json\/wp\/v2\/media?parent=74243"}],"curies":[{"name":"wp","href":"https:\/\/api.w.org\/{rel}","templated":true}]}}